{"id":23,"date":"2022-07-14T21:25:38","date_gmt":"2022-07-14T21:25:38","guid":{"rendered":"http:\/\/akademiadudka.com\/?page_id=23"},"modified":"2022-07-15T09:21:49","modified_gmt":"2022-07-15T09:21:49","slug":"rodo","status":"publish","type":"page","link":"https:\/\/akademiadudka.com\/?page_id=23","title":{"rendered":"RODO"},"content":{"rendered":"\r\n<p>RODO i Polityka prywatno\u015bci<\/p>\r\n\r\n\r\n\r\n<p>Strona <strong>akademiadudka.com<\/strong> u\u017cywa plik\u00f3w cookies. Niekt\u00f3re z nich s\u0105 niezb\u0119dne do prawid\u0142owego funkcjonowania serwisu internetowego, inne maj\u0105 u\u0142atwi\u0107 naszym u\u017cytkownikom korzystanie z serwisu b\u0105d\u017a s\u0105 stosowane w celu gromadzenia informacji statystycznych o odwiedzaj\u0105cych, a tak\u017ce pozwalaj\u0105 u\u017cytkownikom udost\u0119pnia\u0107 i rekomendowa\u0107 w sieciach spo\u0142eczno\u015bciowych zawarto\u015b\u0107 naszych witryn.<\/p>\r\n\r\n\r\n\r\n<p>Czym s\u0105 pliki cookies?<\/p>\r\n\r\n\r\n\r\n<p><blockquote class=\"wp-embedded-content\" data-secret=\"FeGsGKHMfG\"><a href=\"https:\/\/wszystkoociasteczkach.pl\/\">Zobacz czym s\u0105 pliki cookies<\/a><\/blockquote><iframe class=\"wp-embedded-content\" sandbox=\"allow-scripts\" security=\"restricted\" style=\"position: absolute; clip: rect(1px, 1px, 1px, 1px);\" title=\"&#8220;Zobacz czym s\u0105 pliki cookies&#8221; &#8212; wszystko o ciasteczkach\" src=\"https:\/\/wszystkoociasteczkach.pl\/embed\/#?secret=KoGlCzlu9N#?secret=FeGsGKHMfG\" data-secret=\"FeGsGKHMfG\" width=\"600\" height=\"338\" frameborder=\"0\" marginwidth=\"0\" marginheight=\"0\" scrolling=\"no\"><\/iframe><\/p>\r\n\r\n\r\n\r\n<p>Mechanizm cookies nie jest wykorzystywany do pozyskiwania jakichkolwiek informacji identyfikuj\u0105cych u\u017cytkownik\u00f3w naszego serwisu ani \u015bledzenia ich aktywno\u015bci w sieci. Pliki cookies stosowane w serwisie akademiadudka.com nie przechowuj\u0105 \u017cadnych danych osobowych u\u017cytkownik\u00f3w.<\/p>\r\n\r\n\r\n\r\n<p><strong>Pliki cookies wykorzystywane s\u0105 w celu:<\/strong><\/p>\r\n\r\n\r\n\r\n<p>1. dostosowania zawarto\u015bci stron internetowych naszych serwis\u00f3w do preferencji U\u017cytkownika oraz optymalizacji korzystania ze stron internetowych; w szczeg\u00f3lno\u015bci pliki te pozwalaj\u0105 rozpozna\u0107 urz\u0105dzenie U\u017cytkownika Serwisu i odpowiednio wy\u015bwietli\u0107 stron\u0119 internetow\u0105, dostosowan\u0105 do jego indywidualnych potrzeb;<br \/>2. tworzenia statystyk, kt\u00f3re pomagaj\u0105 zrozumie\u0107, w jaki spos\u00f3b U\u017cytkownicy Serwisu korzystaj\u0105 ze stron internetowych, co umo\u017cliwia ulepszanie ich struktury i zawarto\u015bci;<br \/>3. utrzymanie sesji U\u017cytkownika Serwisu (po zalogowaniu, dotyczy tylko redaktor\u00f3w strony), dzi\u0119ki kt\u00f3rej U\u017cytkownik nie musi na ka\u017cdej podstronie Serwisu ponownie wpisywa\u0107 loginu i has\u0142a;<\/p>\r\n<p>W ramach Serwisu stosowane s\u0105 dwa zasadnicze rodzaje plik\u00f3w cookies: <strong>\u201csesyjne\u201d<\/strong> (session cookies) oraz <strong>\u201csta\u0142e\u201d<\/strong> (persistent cookies). Cookies <strong>\u201csesyjne\u201d<\/strong> s\u0105 plikami tymczasowymi, kt\u00f3re przechowywane s\u0105 w urz\u0105dzeniu ko\u0144cowym U\u017cytkownika do czasu wylogowania, opuszczenia strony internetowej lub wy\u0142\u0105czenia oprogramowania (przegl\u0105darki internetowej). <strong>\u201cSta\u0142e\u201d<\/strong> pliki cookies przechowywane s\u0105 w urz\u0105dzeniu ko\u0144cowym U\u017cytkownika przez czas okre\u015blony w parametrach plik\u00f3w cookies lub do czasu ich usuni\u0119cia przez U\u017cytkownika.<\/p>\r\n\r\n\r\n\r\n<p>Pliki cookies mo\u017cna zablokowa\u0107 zmieniaj\u0105c ustawienia swojej przegl\u0105darki internetowej. Mo\u017cna tak zmieni\u0107 ustawienia przegl\u0105darki, aby otrzymywa\u0107 powiadomienie przed ka\u017cd\u0105 pr\u00f3b\u0105 umieszczenia pliku cookie. Mo\u017cna r\u00f3wnie\u017c zmieni\u0107 ustawienia w taki spos\u00f3b, \u017ce przegl\u0105darka odrzuca wszystkie pliki cookie lub tylko niekt\u00f3re z nich. Brak odpowiednich zmian tych ustawie\u0144 oznacza akceptacj\u0119 dla stosowanych cookies w niniejszym serwisie (zgodnie z aktualnymi ustawieniami przegl\u0105darki). Wy\u0142\u0105czenie stosowania cookies mo\u017ce spowodowa\u0107 utrudnienia w korzystaniu z niekt\u00f3rych funkcjonalno\u015bci naszych serwis\u00f3w.<\/p>\r\n\r\n\r\n\r\n<p><strong>Jak zmieni\u0107 ustawienia przegl\u0105darki, aby zarz\u0105dza\u0107 plikami cookies b\u0105d\u017a ca\u0142kowicie je zablokowa\u0107?<\/strong><\/p>\r\n\r\n\r\n\r\n<p>Przyk\u0142adowa informacja dla wybranych przegl\u0105darek:Firefox: <a href=\"http:\/\/support.mozilla.org\/pl\/kb\/ciasteczka\">http:\/\/support.mozilla.org\/pl\/kb\/ciasteczka<\/a><br \/>Chrome: <a href=\"http:\/\/support.google.com\/chrome\/bin\/answer.py?hl=pl&amp;answer=95647\">http:\/\/support.google.com\/chrome\/bin\/answer.py?hl=pl&amp;answer=95647<\/a><br \/>Internet Explorer: <a href=\"http:\/\/windows.microsoft.com\/pl-PL\/windows7\/How-to-manage-cookies-in-Internet-Explorer-9\">http:\/\/windows.microsoft.com\/pl-PL\/windows7\/How-to-manage-cookies-in-Internet-Explorer-9<\/a><br \/>Safari: <a href=\"http:\/\/support.apple.com\/kb\/HT1677?viewlocale=pl_PL&amp;locale=pl_PL\">http:\/\/support.apple.com\/kb\/HT1677?viewlocale=pl_PL&amp;locale=pl_PL<\/a><\/p>\r\n","protected":false},"excerpt":{"rendered":"<p>RODO i Polityka prywatno\u015bci Strona akademiadudka.com u\u017cywa plik\u00f3w cookies. Niekt\u00f3re z nich s\u0105 niezb\u0119dne do prawid\u0142owego funkcjonowania serwisu internetowego, inne&hellip;<\/p>\n","protected":false},"author":1,"featured_media":0,"parent":0,"menu_order":0,"comment_status":"closed","ping_status":"closed","template":"","meta":[],"_links":{"self":[{"href":"https:\/\/akademiadudka.com\/index.php?rest_route=\/wp\/v2\/pages\/23"}],"collection":[{"href":"https:\/\/akademiadudka.com\/index.php?rest_route=\/wp\/v2\/pages"}],"about":[{"href":"https:\/\/akademiadudka.com\/index.php?rest_route=\/wp\/v2\/types\/page"}],"author":[{"embeddable":true,"href":"https:\/\/akademiadudka.com\/index.php?rest_route=\/wp\/v2\/users\/1"}],"replies":[{"embeddable":true,"href":"https:\/\/akademiadudka.com\/index.php?rest_route=%2Fwp%2Fv2%2Fcomments&post=23"}],"version-history":[{"count":7,"href":"https:\/\/akademiadudka.com\/index.php?rest_route=\/wp\/v2\/pages\/23\/revisions"}],"predecessor-version":[{"id":41,"href":"https:\/\/akademiadudka.com\/index.php?rest_route=\/wp\/v2\/pages\/23\/revisions\/41"}],"wp:attachment":[{"href":"https:\/\/akademiadudka.com\/index.php?rest_route=%2Fwp%2Fv2%2Fmedia&parent=23"}],"curies":[{"name":"wp","href":"https:\/\/api.w.org\/{rel}","templated":true}]}}